e?
False
Is 1350901 composite?
True
Is 2656421 prime?
False
Is 55274459 prime?
True
Is 6200093 a composite number?
True
Is 8097767 prime?
True
Is 22480093 a prime number?
True
Is 12795967 composite?
False
Is 56546251 a prime number?
True
Is 96843797 a composite number?
False
Is 4484647 a prime number?
False
Is 68292359 prime?
False
Is 8831479 composite?
False
Is 111383315 composite?
True
Is 13595581 a prime number?
True
Is 1620227 a prime number?
False
Is 2741867 prime?
True
Is 2762633 prime?
False
Is 423961 composite?
False
Is 22015681 a composite number?
False
Is 214942333 a composite number?
False
Is 57427651 composite?
False
Is 172032262 composite?
True
Is 23819111 a composite number?
False
Is 4988831 prime?
True
Is 5547827 composite?
False
Is 11582873 a composite number?
True
Is 141173969 composite?
True
Is 792753089 prime?
False
Is 1093610651 a composite number?
True
Is 79000763 composite?
True
Is 9925667 prime?
True
Is 1506737 prime?
False
Is 149597563 a composite number?
False
Is 29993137 composite?
False
Is 3912101 a prime number?
False
Is 12292765 a composite number?
True
Is 24785261 composite?
False
Is 5785931 prime?
False
Is 729395 a prime number?
False
Is 208507405 prime?
False
Is 1402943 a prime number?
True
Is 11454167 a composite number?
True
Is 46121407 a composite number?
False
Is 2250869 prime?
True
Is 2239607 composite?
False
Is 52920781 composite?
True
Is 1424051 a composite number?
True
Is 4014089 prime?
False
Is 251455643 a composite number?
True
Is 96819511 a composite number?
True
Is 2287295 a composite number?
True
Is 1911821 composite?
True
Is 3989311 prime?
True
Is 186011 a prime number?
False
Is 344699 composite?
True
Is 712477 prime?
True
Is 10948973 a composite number?
True
Is 357885331 a composite number?
False
Is 173021 prime?
True
Is 3721409 a composite number?
False
Is 63280258 a prime number?
False
Is 1132483 a prime number?
False
Is 1971379 a composite number?
True
Is 88775821 a prime number?
False
Is 2908063 prime?
True
Is 11326027 composite?
False
Is 26201843 a composite number?
False
Is 1357753 prime?
True
Is 51259 composite?
True
Is 1245037 a prime number?
True
Is 9523229 prime?
True
Is 169201021 prime?
False
Is 1107347 prime?
True
Is 10068623 prime?
True
Is 18437629 composite?
True
Is 70983491 composite?
False
Is 19596041 composite?
False
Is 144707357 prime?
True
Is 30003049 prime?
True
Is 1979437 a prime number?
True
Is 6621607 a composite number?
False
Is 59536723 prime?
False
Is 24373823 a prime number?
True
Is 2410013 prime?
False
Is 1718653 composite?
False
Is 41369197 composite?
False
Is 1248829 a composite number?
False
Is 809357 a composite number?
False
Is 4135543 prime?
False
Is 9499349 prime?
False
Is 7452433 a prime number?
True
Is 21014761 a composite number?
False
Is 22003129 a prime number?
True
Is 2469133 a prime number?
False
Is 25221839 prime?
True
Is 3495481 composite?
True
Is 1054117 composite?
True
Is 97502767 prime?
True
Is 823117 prime?
True
Is 124105 a composite number?
True
Is 11334679 a composite number?
True
Is 1880159 a composite number?
False
Is 3869297 a composite number?
False
Is 2766733 a prime number?
False
Is 6184993 a prime number?
False
Is 48632119 a composite number?
True
Is 188463217 a composite number?
False
Is 16013377 a composite number?
False
Is 36949027 a composite number?
True
Is 3436933 composite?
False
Is 3877073 prime?
True
Is 168340121 a prime number?
False
Is 2974027 prime?
False
Is 618619 a composite number?
False
Is 7344559 composite?
True
Is 122309947 a composite number?
False
Is 11549227 prime?
True
Is 494435901 a prime number?
False
Is 649969 a composite number?
False
Is 103019831 composite?
False
Is 1117747 a prime number?
False
Is 21171053 composite?
True
Is 26269063 composite?
True
Is 9689021 prime?
True
Is 42986891 prime?
False
Is 446539367 a composite number?
False
Is 1314097 a prime number?
False
Is 44686219 composite?
True
Is 2966423 a prime number?
False
Is 134459071 a composite number?
False
Is 924737545 prime?
False
Is 44924791 prime?
True
Is 14971079 a prime number?
True
Is 4769129 a composite number?
True
Is 26460479 a prime number?
True
Is 185872903 prime?
True
Is 4147051 a prime number?
False
Is 2047061 composite?
False
Is 7291907 composite?
True
Is 181619554 prime?
False
Is 1255907 prime?
True
Is 81103018 a prime number?
False
Is 5666467 prime?
True
Is 2241446 a composite number?
True
Is 366917081 prime?
True
Is 1063813 a composite number?
False
Is 7992401 composite?
False
Is 740801 composite?
False
Is 230674519 prime?
False
Is 5501623 a prime number?
False
Is 15842731 a composite number?
False
Is 285257 composite?
True
Is 360702229 a prime number?
False
Is 13642301 a prime number?
False
Is 5285149 composite?
True
Is 196195213 prime?
False
Is 11879239 a composite number?
True
Is 533363 prime?
True
Is 132172231 prime?
False
Is 166765883 prime?
False
Is 12098341 composite?
False
Is 150681803 a composite number?
False
Is 1377863 composite?
True
Is 2317165 prime?
False
Is 1395937 a prime number?
False
Is 22412977 a composite number?
False
Is 11984513 prime?
True
Is 39534617 a composite number?
True
Is 60295423 prime?
True
Is 13995961 composite?
True
Is 3287309 prime?
True
Is 984634867 prime?
True
Is 2370482 composite?
True
Is 46876937 a prime number?
True
Is 237732923 composite?
True
Is 18832673 composite?
True
Is 4805947 a prime number?
False
Is 442620093 composite?
True
Is 6953005 a composite number?
True
Is 611821 prime?
False
Is 2819549 a prime number?
True
Is 1879429 a composite number?
False
Is 15482309 prime?
True
Is 72532307 composite?
True
Is 41273411 a composite number?
False
Is 22448267 a composite number?
False
Is 103333 a composite number?
False
Is 2248331 prime?
True
Is 11375291 prime?
True
Is 69122917 a prime number?
True
Is 10824197 a prime number?
False
Is 280034617 a composite number?
True
Is 1023076867 composite?
False
Is 29872709 a prime number?
True
Is 821760869 composite?
True
Is 13307227 a prime number?
True
Is 22087513 composite?
True
Is 32493499 a prime number?
False
Is 710417 a composite number?
True
Is 9411029 composite?
False
Is 112517387 composite?
False
Is 375031 prime?
False
Is 22771969 composite?
True
Is 2241451 composite?
True
Is 22822883 prime?
True
Is 573364801 a prime number?
True
Is 77630203 a prime number?
False
Is 896585 composite?
True
Is 4435391 composite?
True
Is 3011507 a composite number?
False
Is 38337743 composite?
True
Is 42947947 a composite number?
True
Is 5299999 prime?
False
Is 128266609 prime?
False
Is 55784662 prime?
False
Is 112146889 composite?
True
Is 5003191 prime?
True
Is 533237 prime?
True
Is 386083 a prime number?
True
Is 450205034 a composite number?
True
Is 151915237 a prime number?
False
Is 362077 prime?
False
Is 2623847 composite?
False
Is 3672499 prime?
True
Is 3339571 a prime number?
True
Is 2054237 prime?
False
Is 69087083 a prime number?
False
Is 836305 a prime number?
False
Is 6736885 prime?
False
Is 223339373 composite?
False
Is 719323 composite?
True
Is 41361109 a composite number?
False
Is 220835513 a prime number?
False
Is 117969991 prime?
True
Is 75194113 a composite number?
True
Is 3053174 a prime number?
False
Is 127709261 composite?
False
Is 1796489 prime?
True
Is 46743601 composite?
True
Is 15074147 prime?
False
Is 15376691 composite?
True
Is 10658051 prime?
False
Is 732651 a composite number?
True
Is 10913257 a prime number?
False
Is 262277209 a prime number?
True
Is 81534017 a prime number?
True
Is 674929 prime?
True
Is 851321 a prime number?
True
Is 516685421 a prime number?
False
Is 346344853 a composite number?
True
Is 107972339 a composite number?
False
Is 34591243 prime?
False
Is 8715227 composite?
True
Is 286521 composite?
True
Is 25613713 prime?
False
Is 625137 a composite number?
True
Is 991031819 composite?
True
Is 11175977 prime?
True
Is 6743483 a composite number?
True
Is 40094183 composite?
False
Is 13618058 a composite number?
True
Is 957887 a prime number?
False
Is 21190573 a composite number?
False
Is 7216507 a composite number?
False
Is 60718871 a composite number?
False
Is 35229011 a composite number?
False
Is 832747 a composite number?
False
Is 14629807 a prime number?
True
Is 1782461 a prime number?
True
Is 38760719 composite?
True
Is 1